4*422 a multiple of 28?
False
Suppose -f + 47 = -53. Is 8 a factor of f?
False
Let b(s) be the first derivative of 5 - s**3 + 2*s + 1/2*s**2 + 9/4*s**4. Is b(2) a multiple of 14?
False
Suppose 5*b - 2*f = 1329, -5*b = 5*f - 0*f - 1315. Suppose -5*y + 170 = 2*o - b, y - 447 = -2*o. Is 25 a factor of o?
True
Suppose 0 = 4*m + 2 + 2, -3*y + 142 = -m. Let k = -5 - y. Let i = -20 - k. Is 8 a factor of i?
True
Is 7 a factor of ((-17)/3)/((-740)/(-150) - 5)?
False
Does 7 divide (-2 + (-255)/10)/(18/(-216))?
False
Let g = -6 + 14. Let k(q) = q**2 - 7*q - 8. Let h be k(g). Is 3 a factor of 14/7*(h - -2)?
False
Suppose 0 = 4*x - 5*j - 2946, 3*x - 105 - 2106 = 3*j. Is x a multiple of 91?
False
Let s be 14 + -9 + 3 + 0. Let u be 6*(-4)/s - -3. Suppose -3*j = -u*j - 84. Does 14 divide j?
True
Let d = 1010 - 974. Is d a multiple of 14?
False
Let i be (-7)/(-98)*-4 + (-310)/(-7). Let w = i + -34. Is w even?
True
Let r(d) = 5*d**2 - d - 2. Let l be r(4). Let x = 38 - l. Does 12 divide ((-6)/(-9) + -2)*x?
True
Suppose -54 = -4*q + 2*q. Let p be (21/4)/(q/(-72)). Let y(o) = -o**2 - 16*o - 10. Does 6 divide y(p)?
True
Suppose 3*h + 172 = -5*w, -h + 0*w - 29 = -4*w. Let i = h - -58. Does 9 divide i?
True
Let i(u) = 6*u + 173. Is i(-15) a multiple of 2?
False
Let f be ((-37)/3)/(7/(-42)). Let d = -110 + f. Is (1 + -7)*240/d a multiple of 12?
False
Let x(w) = 24*w + 123. Does 15 divide x(26)?
False
Suppose 33 - 105 = -4*s. Suppose -v + 2*v + 3*z = 23, 2*z + s = v. Does 11 divide v?
False
Let u = -294 - -1369. Is u a multiple of 29?
False
Suppose 2*k = k + 140. Let s = -65 + k. Is 20 a factor of s?
False
Let d(y) = -12*y + 19. Is 13 a factor of d(-6)?
True
Suppose 0 = -2*j - 8, 2*f - 2*j = -4*j + 120. Is f a multiple of 3?
False
Let q(d) = 94*d - 3 + 19 + 3 - 99*d. Is q(-8) a multiple of 16?
False
Is 2 a factor of 6/4*(-26)/(-3)?
False
Is -6 + 3/(5 + (-2414)/484) a multiple of 6?
False
Suppose -2*v = -5*d + 1951, 0*d - 780 = -2*d + v. Let l = d + -132. Does 37 divide l?
True
Let f(c) be the third derivative of -c**5/60 + 11*c**4/12 + 17*c**3/3 + 2*c**2. Suppose -4*m + 241 = 173. Is f(m) a multiple of 24?
False
Let r = 308 + -270. Is 5 a factor of r?
False
Let z = 0 - -4. Suppose 18 = 7*b - z*b. Is (-2)/3 + 118/b a multiple of 6?
False
Let o(p) = -33*p - 13. Let z(g) = 16*g + 6. Let w = -24 + 29. Let l(t) = w*z(t) + 2*o(t). Is l(2) a multiple of 32?
True
Let n be (-2 - 2)/(-4) - 3. Let p(y) = -y**3 + y - 3. Does 3 divide p(n)?
True
Suppose 0*p - 3*p + 5*b + 655 = 0, 0 = 4*b - 16. Suppose 0 = 34*z - 37*z + p. Does 25 divide z?
True
Let f = 105 - -71. Does 11 divide f?
True
Let z be (-142 - 20)*(2/(-3) - 0). Suppose 0 = 2*a + 2*b + b - 72, 5*b + z = 3*a. Does 18 divide a?
True
Let j = -124 - -493. Is j a multiple of 28?
False
Suppose 0 = p + m - 13 + 3, -p - 3*m = -20. Suppose -p = -2*u + 3. Is u a multiple of 4?
True
Suppose 0*s - s = 62. Let g be (0/3)/1 + s. Let j = 90 + g. Is j a multiple of 14?
True
Let n(f) = -23*f - 9. Let k be n(-21). Suppose 4*j - k = 3*o, 4*j + 4*o - 458 = -o. Is 25 a factor of j?
False
Let o(n) be the second derivative of n**5/20 - n**3/6 + 55*n**2/2 + 5*n. Let l be o(0). Suppose 89 = 4*u - l. Does 15 divide u?
False
Let q(p) = -8*p - 2. Let x be q(-1). Let l = 187 + -127. Is 15 a factor of (3/x + 0)*l?
True
Suppose -5*i - 33 = -3*y, i + 2*i + 3*y + 39 = 0. Let a = 10 + i. Suppose m - 4 - a = 0. Is m a multiple of 3?
False
Let q be 4/6 + (-238)/(-3). Let s(z) = 12*z + 12. Let u be s(-1). Suppose u = -4*v - 16 + q. Is 16 a factor of v?
True
Suppose 5*c - 1424 - 406 = -y, 3*c - 1098 = -2*y. Does 6 divide c?
True
Let j(n) = n + 15. Let t be j(-5). Suppose -4 = 9*x - t*x. Is 3 a factor of (-22)/(-2 - (4 - x))?
False
Let x(t) = 2*t**2 - t + 1. Let a(j) = j**2 + 2*j + 1. Let k be a(0). Let o be x(k). Suppose 6*c + 5*h = c + 315, o*h - 60 = -c. Does 21 divide c?
False
Let r = 906 - 206. Is 10 a factor of r?
True
Let q(p) = -p**2 + 2*p + 150. Let s = -25 - -25. Is 30 a factor of q(s)?
True
Suppose 4*w - 2 + 5 = 5*q, -3*w - 46 = 5*q. Let h(r) = r**2 + r - 7. Is 7 a factor of h(w)?
True
Does 35 divide (-2614)/(-6) + 3*10/90?
False
Let n(l) = l + 7. Let v be (6/9)/((-4)/30). Let h be n(v). Suppose 5*g = -4*i + 8, 4*g - h*i - 11 = 11. Is g even?
True
Let w(v) = -2*v**3 + v**2 + 39*v + 270. Is w(-6) a multiple of 28?
True
Suppose 0 = 8*n - 3*n. Is 8 a factor of (12 + n)/(27/36)?
True
Let m(j) = j + 12. Let v be m(-9). Suppose -3 = r, -i + 25 - v = -2*r. Does 8 divide i?
True
Let i(h) = h**3 - 12*h**2 + 12*h - 13. Let x be i(11). Let y be ((-1)/(-3))/(x/(-12)). Suppose -3*g - j = y*j - 15, -4*j - 4 = 0. Is 4 a factor of g?
False
Let z = 1 - 5. Let b = z - -16. Is 56/b*(-36)/(-8) a multiple of 7?
True
Let h(x) = -x**3 - 2*x**2 + 5*x + 3. Let i be (-1 + (-3)/(-4))*-4. Let t(z) = -z**2. Let n(r) = i*h(r) - 4*t(r). Does 25 divide n(-4)?
False
Suppose -9*c + 10*c + 3 = 0, 0 = 3*n + 5*c + 9. Let p be ((-38)/3)/((-1)/3). Suppose -g = -n*g + p. Is 14 a factor of g?
False
Suppose 4*d + 36 = x - 50, -4*d = 5*x - 310. Does 4 divide x?
False
Let t be (-8*(-1)/12)/(2/300). Suppose w - t = 4*y, 3*w + 0*y = -2*y + 370. Is w a multiple of 12?
True
Let y(f) = -f**2 + 17*f + 29. Does 2 divide y(17)?
False
Does 7 divide ((-63)/(-6))/(2/((-8)/(-3)))?
True
Let h(a) be the first derivative of -57*a**2/2 - 26*a + 11. Does 11 divide h(-2)?
True
Let x be 3/2*2/1. Suppose -5*b - 2*n = -4, -5*n + 5 = x*b - 5. Suppose -5*d + b*d = -160. Is 16 a factor of d?
True
Let k(i) be the second derivative of 5*i**3/2 + 13*i**2 + 8*i. Is 23 a factor of k(5)?
False
Let z = -1561 + 2112. Is 29 a factor of z?
True
Suppose 4*z - 5*y - 29 = 6, -3*z + 27 = -4*y. Let j(n) = 11*n**2 + 5*n - 3. Let b be j(2). Let k = z + b. Does 12 divide k?
False
Suppose 535 + 85 = 2*c. Suppose -4*v + 2*o + 0*o = -c, -227 = -3*v - 4*o. Is 30 a factor of v?
False
Let o = -4209 - -6984. Is o a multiple of 37?
True
Suppose -11*u - 3*z = -6*u - 7111, -10 = -5*z. Is 51 a factor of u?
False
Is 23 a factor of 32032/10 - (-4)/(-90)*-18?
False
Let g(y) = 2*y**3 - 16*y**2 + 24*y + 4. Does 23 divide g(10)?
True
Let c be (3 - -1) + -2*2. Suppose c = i - m - 133, -i + 2*m - 6*m = -148. Is 15 a factor of i?
False
Let v = -26 - -22. Let d = v + 41. Does 13 divide d?
False
Let c(o) = o**2 + 2*o - 378. Is 21 a factor of c(19)?
True
Suppose 2*m + 430 = 4*r, 5*r - 2*m + 5*m = 521. Does 61 divide r?
False
Let l(i) = -i + 42. Let z(n) = -n**3 + 11*n**2 - 9*n - 9. Let h be z(10). Let t = h + -1. Is l(t) a multiple of 21?
True
Let a be (-2 + 2)/(3/(-1)). Suppose 5*g - 219 + 69 = a. Let q = g + -13. Is q a multiple of 14?
False
Suppose 5*w - n - 327 = 0, n + 124 = 2*w + 4*n. Is w a multiple of 5?
True
Suppose -613 = -8*b + 1123. Suppose 0 = 3*g - 230 - b. Does 12 divide g?
False
Suppose g + 2 = -k + 2*k, 5*k = 4*g + 9. Let t(m) = -2 - 10*m**3 + 17*m**3 + 2*m + 2*m**3 + 16*m**3 + 5*m**3. Does 10 divide t(k)?
True
Suppose -2*u - 2470 = -3*a + a, 5*a = 3*u + 6185. Is 31 a factor of a?
True
Let v(t) = t + 11. Let h be v(-9). Suppose -10*u = -15*u + 475. Suppose -h*k + 1 = -u. Is k a multiple of 11?
False
Let p be 9*(4/3)/4. Suppose 0 = -4*i + p*n + 330, -n - 241 = -3*i - 2*n. Is i a multiple of 15?
False
Does 15 divide -11 + (-7 + 792 - 11)?
False
Let c(j) = -j**2 + 12*j - 10. Let a(x) = x**2 - x + 4. Let k be a(3). Is 5 a factor of c(k)?
True
Suppose 13*i = -0*i + 13. Is 36 + (1 - i) + 2 a multiple of 19?
True
Let u(l) = l**3 - l**2 - l + 3. Let g be u(0). Suppose 2*c + 28 = 5*y, -2*c = g*y - 7*y + 24. Suppose -h + y*a + 28 = 6, h = 5*a + 24. Is 7 a factor of h?
True
Let q = 367 - 336. Is q a multiple of 15?
False
Suppose -2*s = -2*c + 108, c - 5*s - 54 = -0*c. Let a = c - -30. Is 10 a factor of a?
False
Let p be 66 + (3 - 21/6)*-4. Is ((-34)/p)/(0 - 1/62) a multiple of 7?
False
Suppose 4*f - 1240 = 4*d - 2*d, -4*d + 941 = 3*f. Let w = 450 - f. Does 23 divide w?
False
Let b be (-20)/(-4)*14*10. Suppose 4*w + 51 - 595 = -4*q, -5*q - b = -5*w. Does 25 divide w?
False
Suppose 0 = -30*j + 10*j + 3960. Is 7 a factor of j?
False
Let k(o) = o**3 + 3*o**2 - 4*o + 4. Let u be k(-4). Suppose 3 + 178 = n + i, u*n - i = 719. Does 36 divide n?
True
Is (-5)/10 - (-3879)/18 a multiple of 9?
False
Let z be (4 - 1)*21/21. Suppose -2*p = -2*v - 62, 0 = 2*v 